{"id":598,"date":"2025-08-24T13:48:34","date_gmt":"2025-08-24T13:48:34","guid":{"rendered":"https:\/\/lapsihoterapeut.ro\/?page_id=598"},"modified":"2025-08-24T13:48:37","modified_gmt":"2025-08-24T13:48:37","slug":"curs-antrenamente-de-gandire-flexibila-pentru-copii-si-adolescenti","status":"publish","type":"page","link":"https:\/\/lapsihoterapeut.ro\/index.php\/curs-antrenamente-de-gandire-flexibila-pentru-copii-si-adolescenti\/","title":{"rendered":"Curs: Antrenamente de g\u00e2ndire flexibil\u0103 pentru copii \u0219i adolescen\u021bi"},"content":{"rendered":"\n<p><strong>Grupuri de v\u00e2rst\u0103: 13-15 ani \u0219i 15-17 ani<\/strong><\/p>\n\n\n\n<p>Adolescen\u021ba este o etap\u0103 a descoperirii de sine, a provoc\u0103rilor \u0219i a oportunit\u0103\u021bilor. \u00cen acest context, dezvoltarea unei g\u00e2ndiri flexibile devine un instrument esen\u021bial pentru a face fa\u021b\u0103 schimb\u0103rilor rapide, utiliz\u0103rii excesive a mediilor online \u0219i complexit\u0103\u021bii vie\u021bii moderne. Studiile din psihologia clinic\u0103 arat\u0103 c\u0103 rigiditatea cognitiv\u0103 este frecvent asociat\u0103 cu o predispozi\u021bie crescut\u0103 la depresie \u0219i anxietate. Prin contrast, o minte flexibil\u0103 nu doar c\u0103 reduce vulnerabilitatea la aceste st\u0103ri emo\u021bionale, dar sprijin\u0103 \u0219i o dezvoltare personal\u0103 armonioas\u0103, capacitatea de a rela\u021biona s\u0103n\u0103tos \u0219i adaptarea eficient\u0103 la noi contexte.<\/p>\n\n\n\n<p>Cursul \u00ee\u0219i propune s\u0103 ofere copiilor \u0219i adolescen\u021bilor instrumentele necesare pentru a dezvolta g\u00e2ndirea flexibil\u0103, abord\u00e2nd aspectele psihologice, sociale \u0219i cognitive ale acestei abilit\u0103\u021bi.<\/p>\n\n\n\n<p><strong>Ce subiecte abord\u0103m?<\/strong><\/p>\n\n\n\n<ol start=\"1\" class=\"wp-block-list\">\n<li><strong>Ce \u00eenseamn\u0103 g\u00e2ndirea flexibil\u0103?<\/strong>\u00a0Prin exemple practice \u0219i exerci\u021bii captivante, vom ajuta tinerii s\u0103 \u00een\u021beleag\u0103 de ce acest tip de g\u00e2ndire este esen\u021bial pentru succesul personal \u0219i profesional.<\/li>\n\n\n\n<li><strong>Identificarea \u0219i evitarea erorilor de g\u00e2ndire (bias-uri cognitive)<\/strong>\u00a0Adolescen\u021bii vor \u00eenv\u0103\u021ba s\u0103 recunoasc\u0103 tiparele de g\u00e2ndire care le pot distorsiona percep\u021bia asupra realit\u0103\u021bii, precum g\u00e2ndirea \u201etotul sau nimic\u201d sau catastrofizarea. Prin exerci\u021bii interactive, participan\u021bii vor descoperi cum s\u0103 dep\u0103\u0219easc\u0103 aceste erori, antren\u00e2ndu-se pentru a lua decizii mai echilibrate \u0219i bine fundamentate.<\/li>\n\n\n\n<li><strong>Dezvoltarea empatiei \u0219i a g\u00e2ndirii \u00een rela\u021biile interpersonale<\/strong>\u00a0Rela\u021biile s\u0103n\u0103toase \u0219i armonioase necesit\u0103 \u00een\u021belegerea emo\u021biilor \u0219i perspectivelor celorlal\u021bi. \u00cen acest modul, participan\u021bii vor explora leg\u0103tura dintre empatie \u0219i g\u00e2ndirea flexibil\u0103, \u00eenv\u0103\u021b\u00e2nd cum s\u0103 gestioneze conflictele \u0219i s\u0103 creeze conexiuni autentice.<\/li>\n\n\n\n<li><strong>G\u00e2ndirea critic\u0103, creativ\u0103 \u0219i lateral\u0103<\/strong>\u00a0Vom introduce participan\u021bilor tehnici eficiente, precum brainstormingul \u0219i metoda SCAMPER, pentru a-\u0219i dezvolta abilit\u0103\u021bile de a g\u00e2ndi \u201e\u00een afara cutiei<\/li>\n\n\n\n<li><strong>Rezolvarea problemelor \u0219i luarea deciziilor<\/strong>\u00a0Sesiunile vor include instrumente practice precum tehnica \u201e5 Whys\u201d, diagrama Ishikawa \u0219i metoda CAF (Consider All Factors). Adolescen\u021bii vor \u00eenv\u0103\u021ba s\u0103 analizeze problemele din multiple perspective \u0219i s\u0103 ia decizii bine g\u00e2ndite. De asemenea, tehnica celor \u201e6 P\u0103l\u0103rii G\u00e2nditoare\u201d de Edward de Bono \u00eei va ajuta s\u0103 exploreze o problem\u0103 din diferite unghiuri, cultiv\u00e2nd o abordare echilibrat\u0103.<\/li>\n\n\n\n<li><strong>Aplicarea integrat\u0103 a tehnicilor de g\u00e2ndire flexibil\u0103<\/strong>\u00a0\u00cen ultima parte a cursului, participan\u021bii vor avea ocazia s\u0103 combine toate tehnicile \u00eenv\u0103\u021bate, aplic\u00e2ndu-le la situa\u021bii din via\u021ba real\u0103.<\/li>\n<\/ol>\n\n\n\n<p><strong>De ce este important acest curs?<\/strong><\/p>\n\n\n\n<p>Rigiditatea cognitiv\u0103, caracterizat\u0103 de g\u00e2ndirea inflexibil\u0103 \u0219i percep\u021bia limitat\u0103 a situa\u021biilor, este str\u00e2ns legat\u0103 de probleme de adaptare \u0219i performan\u021b\u0103. Studiile recente eviden\u021biaz\u0103 c\u0103 adolescen\u021bii care dezvolt\u0103 o g\u00e2ndire flexibil\u0103 au o capacitate mai mare de a gestiona stresul, de a-\u0219i controla emo\u021biile \u0219i de a se adapta la schimb\u0103ri. \u00cen plus, aceste abilit\u0103\u021bi au un impact pozitiv asupra rela\u021biilor sociale, cre\u00e2nd un mediu s\u0103n\u0103tos pentru cre\u0219tere \u0219i dezvoltare.<\/p>\n\n\n\n<p>Prin acest curs, copiii \u0219i adolescen\u021bii \u00ee\u0219i vor dezvolta nu doar g\u00e2ndirea, ci \u0219i \u00eencrederea \u00een sine, empatia \u0219i capacitatea de a naviga cu succes prin provoc\u0103rile vie\u021bii.<\/p>\n\n\n\n<p><strong>Detalii curs<\/strong><\/p>\n\n\n\n<p>25 ore \u2013 12 \u0219edin\u021be s\u0103pt\u0103m\u00e2nale<\/p>\n\n\n\n<p>Maximum 12 copii pe grup<\/p>\n","protected":false},"excerpt":{"rendered":"<p>Grupuri de v\u00e2rst\u0103: 13-15 ani \u0219i 15-17 ani Adolescen\u021ba este o etap\u0103 a descoperirii de sine, a provoc\u0103rilor \u0219i a oportunit\u0103\u021bilor. \u00cen acest context, dezvoltarea unei g\u00e2ndiri flexibile devine un instrument esen\u021bial pentru a face fa\u021b\u0103 schimb\u0103rilor rapide, utiliz\u0103rii excesive a mediilor online \u0219i complexit\u0103\u021bii vie\u021bii moderne. Studiile din psihologia clinic\u0103 arat\u0103 c\u0103 rigiditatea cognitiv\u0103&hellip;&nbsp;<a href=\"https:\/\/lapsihoterapeut.ro\/index.php\/curs-antrenamente-de-gandire-flexibila-pentru-copii-si-adolescenti\/\" rel=\"bookmark\">Read More &raquo;<span class=\"screen-reader-text\">Curs: Antrenamente de g\u00e2ndire flexibil\u0103 pentru copii \u0219i adolescen\u021bi<\/span><\/a><\/p>\n","protected":false},"author":1,"featured_media":0,"parent":0,"menu_order":0,"comment_status":"closed","ping_status":"closed","template":"","meta":{"_monsterinsights_skip_tracking":false,"_monsterinsights_sitenote_active":false,"_monsterinsights_sitenote_note":"","_monsterinsights_sitenote_category":0,"neve_meta_sidebar":"","neve_meta_container":"","neve_meta_enable_content_width":"","neve_meta_content_width":0,"neve_meta_title_alignment":"","neve_meta_author_avatar":"","neve_post_elements_order":"","neve_meta_disable_header":"","neve_meta_disable_footer":"","neve_meta_disable_title":"","_themeisle_gutenberg_block_has_review":false,"footnotes":""},"class_list":["post-598","page","type-page","status-publish","hentry"],"jetpack_sharing_enabled":true,"_links":{"self":[{"href":"https:\/\/lapsihoterapeut.ro\/index.php\/wp-json\/wp\/v2\/pages\/598","targetHints":{"allow":["GET"]}}],"collection":[{"href":"https:\/\/lapsihoterapeut.ro\/index.php\/wp-json\/wp\/v2\/pages"}],"about":[{"href":"https:\/\/lapsihoterapeut.ro\/index.php\/wp-json\/wp\/v2\/types\/page"}],"author":[{"embeddable":true,"href":"https:\/\/lapsihoterapeut.ro\/index.php\/wp-json\/wp\/v2\/users\/1"}],"replies":[{"embeddable":true,"href":"https:\/\/lapsihoterapeut.ro\/index.php\/wp-json\/wp\/v2\/comments?post=598"}],"version-history":[{"count":1,"href":"https:\/\/lapsihoterapeut.ro\/index.php\/wp-json\/wp\/v2\/pages\/598\/revisions"}],"predecessor-version":[{"id":599,"href":"https:\/\/lapsihoterapeut.ro\/index.php\/wp-json\/wp\/v2\/pages\/598\/revisions\/599"}],"wp:attachment":[{"href":"https:\/\/lapsihoterapeut.ro\/index.php\/wp-json\/wp\/v2\/media?parent=598"}],"curies":[{"name":"wp","href":"https:\/\/api.w.org\/{rel}","templated":true}]}}